git of 6837293?
3
What is the millions digit of 3572171?
3
What is the hundreds digit of 459534?
5
What is the millions digit of 1179410?
1
What is the tens digit of 567408?
0
What is the hundred thousands digit of 1448821?
4
What is the hundreds digit of 133797?
7
What is the units digit of 263502?
2
What is the ten thousands digit of 18103?
1
What is the tens digit of 3054316?
1
What is the millions digit of 1370200?
1
What is the millions digit of 5453359?
5
What is the hundred thousands digit of 16152245?
1
What is the tens digit of 9108916?
1
What is the tens digit of 189470?
7
What is the tens digit of 78232?
3
What is the hundred thousands digit of 11008668?
0
What is the millions digit of 2379831?
2
What is the hundreds digit of 27552762?
7
What is the units digit of 587692?
2
What is the hundreds digit of 6047261?
2
What is the millions digit of 4844912?
4
What is the units digit of 180683?
3
What is the hundred thousands digit of 200488?
2
What is the thousands digit of 405294?
5
What is the ten thousands digit of 353533?
5
What is the thousands digit of 64407?
4
What is the hundreds digit of 120214?
2
What is the tens digit of 6847644?
4
What is the hundred thousands digit of 19634720?
6
What is the millions digit of 1095518?
1
What is the hundred thousands digit of 1967534?
9
What is the units digit of 4631?
1
What is the thousands digit of 1602698?
2
What is the tens digit of 1456473?
7
What is the ten thousands digit of 227318?
2
What is the ten thousands digit of 113058?
1
What is the hundreds digit of 774319?
3
What is the hundreds digit of 179445?
4
What is the ten thousands digit of 30022966?
2
What is the hundreds digit of 1865549?
5
What is the ten thousands digit of 1361908?
6
What is the hundreds digit of 2325790?
7
What is the hundreds digit of 6857052?
0
What is the tens digit of 1953926?
2
What is the millions digit of 2846563?
2
What is the hundreds digit of 65738?
7
What is the ten thousands digit of 3354312?
5
What is the thousands digit of 306620?
6
What is the hundred thousands digit of 1055526?
0
What is the thousands digit of 768525?
8
What is the units digit of 19743426?
6
What is the hundred thousands digit of 904519?
9
What is the hundreds digit of 8902139?
1
What is the thousands digit of 1043248?
3
What is the millions digit of 1116746?
1
What is the thousands digit of 2505563?
5
What is the tens digit of 474545?
4
What is the tens digit of 1740458?
5
What is the millions digit of 3693761?
3
What is the ten thousands digit of 24346358?
4
What is the thousands digit of 923029?
3
What is the hundreds digit of 10723987?
9
What is the ten thousands digit of 292330?
9
What is the hundred thousands digit of 655774?
6
What is the ten thousands digit of 7633877?
3
What is the ten thousands digit of 271067?
7
What is the units digit of 1230729?
9
What is the units digit of 221584?
4
What is the ten thousands digit of 505032?
0
What is the units digit of 242416?
6
What is the thousands digit of 3582397?
2
What is the hundred thousands digit of 247298?
2
What is the units digit of 11614?
4
What is the hundreds digit of 91210?
2
What is the tens digit of 167674?
7
What is the thousands digit of 2946014?
6
What is the hundreds digit of 20697695?
6
What is the tens digit of 11586612?
1
What is the hundred thousands digit of 19086022?
0
What is the ten thousands digit of 5862319?
6
What is the hundred thousands digit of 127742?
1
What is the hundred thousands digit of 15959308?
9
What is the units digit of 2804147?
7
What is the thousands digit of 764831?
4
What is the hundreds digit of 82122?
1
What is the thousands digit of 696752?
6
What is the ten millions digit of 17624462?
1
What is the tens digit of 1175344?
4
What is the units digit of 317305?
5
What is the hundred thousands digit of 10057635?
0
What is the thousands digit of 76343?
6
What is the ten thousands digit of 2026535?
2
What is the units digit of 219601?
1
What is the hundreds digit of 21718?
7
What is the units digit of 292847?
7
What is the units digit of 25169586?
6
What is the thousands digit of 3331189?
1
What is the units digit of 3629164?
4
What is the units digit of 3998038?
8
What is the ten millions digit of 11340510?
1
What is the units digit of 899705?
5
What is the millions digit of 8308449?
8
What is the ten thousands digit of 1081193?
8
What is the millions digit of 11150245?
1
What is the tens digit of 5617061?
6
What is the ten thousands digit of 4390053?
9
What is the tens digit of 1004097?
9
What is the ten thousands digit of 4848254?
4
What is the ten thousands digit of 328205?
2
What is the hundred thousands digit of 4009640?
0
What is the thousands digit of 742589?
2
What is the thousands digit of 23178152?
8
What is the hundred thousands digit of 522008?
5
What is the millions digit of 1288012?
1
What is the thousands digit of 727164?
7
What is the hundred thousands digit of 233697?
2
What is the tens digit of 1025713?
1
What is the units digit of 603509?
9
What is the tens digit of 16977343?
4
What is the ten thousands digit of 14206548?
0
What is the ten thousands digit of 22271?
2
What is the tens digit of 3132081?
8
What is the units digit of 6880382?
2
What is the hundred thousands digit of 589182?
5
What is the hundreds digit of 223849?
8
What is the hundred thousands digit of 347036?
3
What is the units digit of 136597?
7
What is the thousands digit of 454231?
4
What is the tens digit of 2233372?
7
What is the hundreds digit of 820831?
8
What is the units digit of 49173?
3
What is the tens digit of 229414?
1
What is the hundred thousands digit of 170269?
1
What is the hundreds digit of 138152?
1
What is the units digit of 17542092?
2
What is the thousands digit of 167492?
7
What is the hundred thousands digit of 6018248?
0
What is the tens digit of 697470?
7
What is the millions digit of 1178601?
1
What is the ten thousands digit of 9741305?
4
What is the hundreds digit of 43182?
1
What is the hundreds digit of 4066195?
1
What is the ten thousands digit of 2428184?
2
What is the hundred thousands digit of 219039?
2
What is the hundreds digit of 4725711?
7
What is the ten thousands digit of 556839?
5
What is the ten thousands digit of 1405539?
0
What is the thousands digit of 426798?
6
What is the ten thousands digit of 570536?
7
What is the units digit of 72708?
8
What is the hundred thousands digit of 115774?
1
What is the thousands digit of 482877?
2
What is the hundred thousands digit of 24591612?
5
What is the ten thousands digit of 3671996?
7
What is the units digit of 196547?
7
What is the hundred thousands digit of 151855?
1
What is the ten thousands digit of 9266292?
6
What is the thousands digit of 45269?
5
What is the thousands digit of 3726246?
6
What is the millions digit of 5123340?
5
What is the thousands digit of 1023239?
3
What is the ten thousands digit of 569592?
6
What is the units digit of 10795375?
5
What is the thousands digit of 1255552?
5
What is the units digit of 1455443?
3
What is the hundreds digit of 2324327?
3
What is the hundred thousands digit of 131422?
1
What is the millions digit of 7889772?
7
What is the units digit of 785327?
7
What is the hundred thousands digit of 532157?
5
What is the hundred thousands digit of 120831?
1
What is the units digit of 17572375?
5
What is the ten thousands digit of 9110148?
1
What is the hundreds digit of 841016?
0
What is the hundred thousands digit of 444749?
4
What is the hundred thousands digit of 9853165?
8
What is the units digit of 2196?
6
What is the thousands digit of 59424?
9
What is the hundreds digit of 4009933?
9
What is the thousands digit of 396285?
6
What is the tens digit of 1330683?
8
What is the millions digit of 1657288?
1
What is the hundred thousands digit of 763099?
7
What is the thousands digit of 3931853?
1
What is the hundred thousands digit of 527996?
5
What is the ten thousands digit of 4246433?
4
What is the millions digit of 10010269?
0
What is the ten thousands digit of 490528?
9
What is the tens digit of 5169601?
0
What is the thousands digit of 5007688?
7
What is the hundred thousands digit of 504443?
5
What is the tens digit of 275409?
0
What is the hundreds digit of 32821420?
4
What is the hundred thousands digit of 2